ate h(p).
-9
Let j = 5 + -1. Let q(v) = -22*v + 8. Let p(y) = -3*y + 1. Let h(d) = -35*p(d) + 5*q(d). Determine h(j).
-15
Let d(v) = v**3 + 6*v**2 - 9. Let o = -26 + 25. Let s(g) = g**2. Let c(f) = o*d(f) + 5*s(f). What is c(0)?
9
Let u(q) = q**2 + 3*q + 1. Let s(l) = 4*l**2 + 2*l + 25. Let g(n) = s(n) - 5*u(n). Determine g(-14).
6
Suppose 9*s + 123 - 51 = 0. Let a(k) = -k**2 - 10*k - 10. Determine a(s).
6
Let o = -9 + 12. Suppose o*l - l - 22 = 0. Let u(m) = -m**3 - 7*m**2 + 17 + l*m + 12 - 17. Calculate u(-8).
-12
Let o(p) be the second derivative of -2*p**3/3 - 12*p**2 + 336*p. Determine o(-5).
-4
Let z be 1/((-4)/(-4))*7. Let f(w) = w - 8. What is f(z)?
-1
Let l(t) be the first derivative of -t**3/3 - 5*t**2 - 30*t + 22. Let p be l(-7). Let f(u) = u**2 + 7*u - 10. Give f(p).
8
Suppose 0 = -4*c + c - 3. Let l(b) = 17*b**2 + 21*b - 2. Let a(y) = -8*y**2 - 12*y + 1. Let t(z) = -7*a(z) - 4*l(z). What is t(c)?
-11
Let r(d) be the third derivative of d**6/120 + d**5/60 + d**4/24 - 161*d**2. Give r(2).
14
Let l(w) = -w**3 + 7*w**2 + 9*w - 8. Suppose -99 = -r - 85. Suppose -r*x = -8*x - 48. Determine l(x).
0
Suppose -4*y - c = -2*c - 15, 2*y - c - 5 = 0. Suppose g + y = 0, -8 = b - 3*b + 2*g. Let i(z) = 15*z + 1. Give i(b).
-14
Let f(v) be the second derivative of 3*v**5/10 + v**4/6 + v**3/3 + v**2/2 + 4*v - 7. Determine f(-1).
-5
Let j(u) = -u**3 - 11*u**2 + 4. Let r be j(-11). Let s be 2/(-4)*(r - 6). Suppose 0 = 3*z + 4*y + 12 + s, 3 = -z - y. Let p(b) = -b**2 + b. Calculate p(z).
0
Let m = 153 + -152. Let b(n) = -4*n**2 - 2*n + 1. What is b(m)?
-5
Let g(l) be the third derivative of l**5/3 - l**4/24 - 2*l**2 - 176*l. Give g(1).
19
Let m(n) be the third derivative of n**4/24 - n**2. Let l = -21264 - -21265. Determine m(l).
1
Let t(h) be the first derivative of -2*h**3/3 + h**2/2 + 6*h + 13. Let u be t(-2). Let i(x) = 5*x - 1. What is i(u)?
-21
Let o(s) = -s**2 + 6*s - 3. Suppose -3 + 9 = 6*u. Suppose 3*a = -5*j + 18, 0 = 4*j + 5*a - 18 + u. Determine o(j).
6
Let r(f) = -33*f**2 + f + 1. Suppose -3*o - 2 = 5*l, 0 = -4*l + o - 1 - 4. What is r(l)?
-33
Suppose 4*p + 4*k + 3 = 7, -2*p + k = -14. Let g(b) = -b**3 + b**2 - 1. Let v(j) = -4*j**3 - j**2 + 8*j - 12. Let q(m) = -5*g(m) + v(m). Give q(p).
8
Suppose -2*s + 0*i - 4*i = 18, 2*s - i - 7 = 0. Let o(h) = -3*h**2 + 9*h - 8. Let z(l) = -2*l**2 + 1. Let a(m) = s*o(m) - z(m). Give a(9).
-9
Suppose 5*w - 45 = -2*o + 7*o, 0 = -o - 4*w + 16. Let a(f) = -f**3 - 2*f**2 + 7*f + 5. Calculate a(o).
9
Let k(x) = -x**2 + x + 3. Let c be k(0). Let g(d) = d**3 + 8*d - 20*d + 9*d - c*d**2 + 3. Let t be (2 + 20/(-4))/(-1). Determine g(t).
-6
Let z(b) = 2*b**2 - b - 1. Suppose -3*c + 0*c = 0. Suppose c = -f + 5*f. Suppose j = -f - 2. Give z(j).
9
Let q(i) be the first derivative of -i**3/3 - 4*i**2 + 6*i + 53. Calculate q(-8).
6
Let l(w) = -w + 5224 - 2*w**3 - 5225 + w**3 + 4*w**2 + 0*w**3. Calculate l(3).
5
Let z(w) = w**3 + 7*w**2 - 6. Let n be (2 - 12/3) + 7. Suppose -n*i - 5*p = -0*p + 60, -i = 4*p + 27. What is z(i)?
-6
Let f(z) be the third derivative of -z**6/30 - z**5/30 - z**4/24 + 2*z**2. Suppose 2*h = -3*p + 7, -3*h - 2*h + p - 8 = 0. What is f(h)?
3
Suppose -4*f - 10 = 5*n, f + 0*f - 2*n - 4 = 0. Let q(h) be the third derivative of h**4/24 + h**3/6 - 1330*h**2. Determine q(f).
1
Let g(n) = n. Let z = -25 - -310. Let p = z + -85. Let l be 1/(-4) + p/32. Calculate g(l).
6
Let z(o) be the second derivative of -2*o**2 + 1/2*o**3 - 1/20*o**5 + 1/3*o**4 + 0 - 3*o. Calculate z(4).
8
Let a(t) be the second derivative of 5*t**4/12 - 17*t**3/6 - 8*t**2 + 21*t. Let v(m) = -11*m**2 + 35*m + 33. Let c(r) = 13*a(r) + 6*v(r). What is c(-9)?
8
Let y(a) = -123 + 361 - 118 - 124 - 3*a + 0*a. What is y(-3)?
5
Let h = -8 - -2. Let l be 9 + -3 + h - 8/(-2). Let k(x) = -x**3 + 4*x**2 - 2*x + 1. Give k(l).
-7
Suppose 0 = -4*p - 1 - 7. Let y(u) = u**2 + 3*u + 2. Let f(h) = h + 1. Let w(q) = -5*f(q) + y(q). Determine w(p).
5
Let l(n) be the first derivative of 9 - 2 - 4*n - 3*n**2 + 4*n - 2*n. Let w = -3 - -1. What is l(w)?
10
Let f(p) = p**2 - 9*p + 8. Let j = -28 + 30. Suppose -z + 1 = h, 4*z - z + j*h - 8 = 0. Give f(z).
-10
Let g(y) = -y + 1. Suppose -24 = -4*x - 2*p, 3 + 5 = 4*x - 2*p. Determine g(x).
-3
Let b be (6/(-8))/(2/(-8)). Suppose 2*d - d + 10 = b*x, d + 2*x = 15. Let w(c) = -4*c - 5. Let j(m) = 3*m + 4. Let k(z) = 5*j(z) + 4*w(z). What is k(d)?
-5
Let w(l) be the third derivative of l**4/8 - 2*l**3/3 - l**2 + 2*l. Give w(3).
5
Let p(m) = -36*m**2 - 3*m + 6 - 4*m + 20*m**2 + 17*m**2. What is p(6)?
0
Let p be ((-9)/15)/(3/(-45)). Let n(v) = v**3 + 5*v**2 - v - p*v**2 - 2 + 0*v**2. Determine n(4).
-6
Let f(r) be the third derivative of r**6/120 + r**5/10 + r**4/12 - 5*r**3/6 - 27*r**2 - 4. Give f(-5).
10
Suppose -7*q + 9*q = 0. Let a be -3 - (q/1 - 2). Let y(w) be the second derivative of -11*w**3/6 - 5*w. What is y(a)?
11
Let c(l) = l**3 - 5*l**2 + l - 3. Let d(t) be the first derivative of 8/3*t**3 + 2 - 7/2*t**2 - 1/4*t**4 + 5*t. Let v be d(7). What is c(v)?
2
Let w(q) = 13*q - 826*q**3 - 1 + 21 + 827*q**3 + 12*q**2. Give w(-11).
-2
Let l(h) be the first derivative of 1/4*h**4 - 1/2*h**2 + 0*h**3 + 14 - h. Calculate l(2).
5
Let x(a) = -a**3 + 6*a**2 - 6*a. Suppose -13*g = -35 + 9. Suppose -3*n + 1 = 3*k - 2, 3*n + g*k - 7 = 0. Determine x(n).
-5
Let c(f) = -f. Let m(y) = y**3 - 5*y**2 + 3*y + 6. Let x be m(5). Let i be (1 + (-15)/x)*7. Suppose i*p = -p - 3. Calculate c(p).
1
Suppose 3*r - 6*r = -99. Let d(c) = -34 + 5*c - 2*c + r. Let z = 1 + -3. Calculate d(z).
-7
Let g(u) = -63*u + 318. Let m be g(5). Let i(l) = -l**3 + 3*l**2 + l - 2. What is i(m)?
1
Let v(h) be the second derivative of h**3/3 - 3*h**2/2 - 398*h. Determine v(-10).
-23
Let f(m) = 3*m + 4. Let s be 5*(-2)/4*(-24)/30. Let k be 6*((-10)/(-8) - s/8). What is f(k)?
22
Suppose -5*p + 146 + 184 = 0. Let y be p/(-8) - (-1)/4. Let o(s) = -s**2 - 8*s - 11. What is o(y)?
-11
Let y(n) be the third derivative of -n**6/120 - 2*n**5/15 + 5*n**4/12 + 5*n**3/3 - 10*n**2. Determine y(-9).
1
Let t = 736 + -715. Suppose -q - 2*q - 11 = -o, 4*o + 2*q - 2 = 0. Suppose -f = 3*b + 13, -b = o*f - 5*f + t. Let y(c) = -c**2 - 4*c + 7. Determine y(b).
-5
Suppose -3*i = 17*i + 140. Let j(d) = -d**2 - 8*d - 8. Determine j(i).
-1
Let w(h) be the first derivative of h**5/120 - h**4/8 + 22*h**3/3 + 15. Let d(q) be the third derivative of w(q). What is d(5)?
2
Let y(c) = c**2 + 44*c + 84. Let l be y(-42). Let o(m) = -m - 2 + 4*m**2 + 3 - 3*m**2. Calculate o(l).
1
Suppose 4*v - 3*m + 16 = 0, -v - 2*m = -0*v - 7. Let z(i) = 4*i**2 + i + 1. Let y be z(v). Let h(s) = 2*s + 1. What is h(y)?
9
Let d(h) = h - 2. Let j(m) = m**3 - 16*m**2 + 16*m - 15. Let c be j(15). Suppose 0*a + 1 = 2*a - 5*s, -2*a + 3*s + 3 = c. Let x be 7 + 0 - 1 - a. What is d(x)?
1
Suppose 3*w + 0*s - 21 = -3*s, -3*w + 5*s = 3. Let b(h) = h**3 + 7 + w + 12*h - 13 - 4*h + 10*h**2. Determine b(-9).
7
Let p(n) = -n**2 + 12*n + 16. Let m = 1527 + -1514. Calculate p(m).
3
Suppose -u = -2*u - 63. Let l be 6/((u/12)/(-7)). Suppose 0*x - l = 2*x. Let c(y) = 2*y**2 + 6*y + 4. Calculate c(x).
12
Suppose -10*t + 194 = -76. Suppose -6 - t = 11*c. Let w(x) be the first derivative of x**4/4 + x**3 - 3*x - 1. Calculate w(c).
-3
Let x(j) = -21*j. Let z = 127 - 111. Suppose 4*q = -12*q + z. Calculate x(q).
-21
Let s be 6/(-21) + (-16)/(-7). Let r(n) = n**s + 11 - 7*n**3 - 11. What is r(-1)?
8
Let f(c) = -2*c + 21. Suppose -49 = -29*t + 22*t. What is f(t)?
7
Let q(x) = -143173*x**2 + 143174*x**2 - 9 + 14*x - 4. Determine q(-14).
-13
Let w(y) be the third derivative of y**7/2520 + y**6/180 - 7*y**5/120 + y**4/12 + y**3/3 - 53*y**2. Let c(q) be the second derivative of w(q). Determine c(-6).
5
Let l(q) = -3*q - 1 - 16733*q**2 + 16732*q**2 - 6*q. What is l(-4)?
19
Let n(f) = -2*f**3 + f**2 - 7*f + 4. Let a(i) = 3*i**3 + 8*i - 3. Let u(m) = 3*a(m) + 4*n(m). Let w = 18 + -23. Calculate u(w).
2
Let g(x) = 3*x + 15. Let m(t) = -4*t + 10. Let u be m(5). Let a be g(u). Let r = 17 + a. Let d(h) = -5*h - 2. Give d(r).
-12
Let c(q) = 1 - q**3 + q + 2*q - 4*q - q**2. Let z be c(-2). Let w(a) be the third derivative of -a**5/60 + a**4/4 + a**3/3 + 16*a**2 + 1. Determine w(z).
-5
Let u(j) = j**3 + 6*j**2 - 4*j - 8. Let z(b) = -3*b**2 - 27